{"id":1258,"date":"2012-09-18T14:59:02","date_gmt":"2012-09-18T14:59:02","guid":{"rendered":"http:\/\/www.beluco.ind.br\/site\/?page_id=1258"},"modified":"2012-09-18T15:02:12","modified_gmt":"2012-09-18T15:02:12","slug":"missao","status":"publish","type":"page","link":"https:\/\/beluco.ind.br\/site\/missao\/","title":{"rendered":"Miss\u00e3o"},"content":{"rendered":"<h3>Miss\u00e3o<\/h3>\n<div align=\"justify\">\n<p>Atender com paix\u00e3o as expectativas das pessoas que acreditam em nosso trabalho, como um meio confi\u00e1vel para constru\u00edrem seus sonhos e projetos.<\/p>\n<h3>Vis\u00e3o<\/h3>\n<p>Torna-se referencia em nossa \u00e1rea de trabalho, sempre buscando excel\u00eancia e inova\u00e7\u00e3o, promovendo um local de trabalho que inspire respeito aos seus colaboradores e clientes proporcionando seguran\u00e7a e bem estar.<\/p>\n<h3>Valores<\/h3>\n<p><strong>O Desafio:<\/strong> Buscar a melhor solu\u00e7\u00e3o para projetos diferenciados com pontualidade proporcionando o melhor custo-benef\u00edcio.<br \/>\n<strong>O Compromisso:<\/strong> Oferecer garantia e qualidade em seus produtos e servi\u00e7os, com o melhor atendimento desde o primeiro contato, proporcionando uma rela\u00e7\u00e3o de confian\u00e7a e cumplicidade.<br \/>\n<strong>O Resultado:<\/strong> Dedica\u00e7\u00e3o em viabilizar o seu ideal com o comprometimento que voc\u00ea procura, com a tranquilidade que voc\u00ea merece.<\/p>\n<h3>Produtos e servi\u00e7os<\/h3>\n<ul>\n<li>Galp\u00f5es industriais e comerciais<\/li>\n<li>Coberturas em geral<\/li>\n<li>Central de distribui\u00e7\u00f5es<\/li>\n<li>Hangares<\/li>\n<li>Postos de Combust\u00edvel<\/li>\n<li>Mezaninos<\/li>\n<li>Estruturas Especiais<\/li>\n<li>Reservat\u00f3rios e tanques<\/li>\n<li>Calhas e Rufos<\/li>\n<li>Loca\u00e7\u00e3o de Munck e Guindaste<\/li>\n<\/ul>\n<\/div>\n<p>ngg_shortcode_0_placeholder<\/p>\n","protected":false},"excerpt":{"rendered":"<p>&#8230;<\/p>\n","protected":false},"author":1,"featured_media":0,"parent":0,"menu_order":0,"comment_status":"open","ping_status":"open","template":"","meta":{"ngg_post_thumbnail":0},"yoast_head":"<!-- This site is optimized with the Yoast SEO plugin v19.14 - https:\/\/yoast.com\/wordpress\/plugins\/seo\/ -->\n<title>Miss\u00e3o - Beluco<\/title>\n<meta name=\"robots\" content=\"index, follow, max-snippet:-1, max-image-preview:large, max-video-preview:-1\" \/>\n<link rel=\"canonical\" href=\"https:\/\/beluco.ind.br\/site\/missao\/\" \/>\n<meta property=\"og:locale\" content=\"pt_BR\" \/>\n<meta property=\"og:type\" content=\"article\" \/>\n<meta property=\"og:title\" content=\"Miss\u00e3o - Beluco\" \/>\n<meta property=\"og:description\" content=\"...\" \/>\n<meta property=\"og:url\" content=\"https:\/\/beluco.ind.br\/site\/missao\/\" \/>\n<meta property=\"og:site_name\" content=\"Beluco\" \/>\n<meta property=\"article:modified_time\" content=\"2012-09-18T15:02:12+00:00\" \/>\n<meta name=\"twitter:card\" content=\"summary_large_image\" \/>\n<meta name=\"twitter:label1\" content=\"Est. tempo de leitura\" \/>\n\t<meta name=\"twitter:data1\" content=\"1 minuto\" \/>\n<script type=\"application\/ld+json\" class=\"yoast-schema-graph\">{\"@context\":\"https:\/\/schema.org\",\"@graph\":[{\"@type\":\"WebPage\",\"@id\":\"https:\/\/beluco.ind.br\/site\/missao\/\",\"url\":\"https:\/\/beluco.ind.br\/site\/missao\/\",\"name\":\"Miss\u00e3o - Beluco\",\"isPartOf\":{\"@id\":\"https:\/\/beluco.ind.br\/site\/#website\"},\"datePublished\":\"2012-09-18T14:59:02+00:00\",\"dateModified\":\"2012-09-18T15:02:12+00:00\",\"breadcrumb\":{\"@id\":\"https:\/\/beluco.ind.br\/site\/missao\/#breadcrumb\"},\"inLanguage\":\"pt-BR\",\"potentialAction\":[{\"@type\":\"ReadAction\",\"target\":[\"https:\/\/beluco.ind.br\/site\/missao\/\"]}]},{\"@type\":\"BreadcrumbList\",\"@id\":\"https:\/\/beluco.ind.br\/site\/missao\/#breadcrumb\",\"itemListElement\":[{\"@type\":\"ListItem\",\"position\":1,\"name\":\"Home\",\"item\":\"https:\/\/beluco.ind.br\/site\/\"},{\"@type\":\"ListItem\",\"position\":2,\"name\":\"Miss\u00e3o\"}]},{\"@type\":\"WebSite\",\"@id\":\"https:\/\/beluco.ind.br\/site\/#website\",\"url\":\"https:\/\/beluco.ind.br\/site\/\",\"name\":\"Beluco\",\"description\":\"Estruturas Met\u00e1licas\",\"potentialAction\":[{\"@type\":\"SearchAction\",\"target\":{\"@type\":\"EntryPoint\",\"urlTemplate\":\"https:\/\/beluco.ind.br\/site\/?s={search_term_string}\"},\"query-input\":\"required name=search_term_string\"}],\"inLanguage\":\"pt-BR\"}]}<\/script>\n<!-- \/ Yoast SEO plugin. -->","yoast_head_json":{"title":"Miss\u00e3o - Beluco","robots":{"index":"index","follow":"follow","max-snippet":"max-snippet:-1","max-image-preview":"max-image-preview:large","max-video-preview":"max-video-preview:-1"},"canonical":"https:\/\/beluco.ind.br\/site\/missao\/","og_locale":"pt_BR","og_type":"article","og_title":"Miss\u00e3o - Beluco","og_description":"...","og_url":"https:\/\/beluco.ind.br\/site\/missao\/","og_site_name":"Beluco","article_modified_time":"2012-09-18T15:02:12+00:00","twitter_card":"summary_large_image","twitter_misc":{"Est. tempo de leitura":"1 minuto"},"schema":{"@context":"https:\/\/schema.org","@graph":[{"@type":"WebPage","@id":"https:\/\/beluco.ind.br\/site\/missao\/","url":"https:\/\/beluco.ind.br\/site\/missao\/","name":"Miss\u00e3o - Beluco","isPartOf":{"@id":"https:\/\/beluco.ind.br\/site\/#website"},"datePublished":"2012-09-18T14:59:02+00:00","dateModified":"2012-09-18T15:02:12+00:00","breadcrumb":{"@id":"https:\/\/beluco.ind.br\/site\/missao\/#breadcrumb"},"inLanguage":"pt-BR","potentialAction":[{"@type":"ReadAction","target":["https:\/\/beluco.ind.br\/site\/missao\/"]}]},{"@type":"BreadcrumbList","@id":"https:\/\/beluco.ind.br\/site\/missao\/#breadcrumb","itemListElement":[{"@type":"ListItem","position":1,"name":"Home","item":"https:\/\/beluco.ind.br\/site\/"},{"@type":"ListItem","position":2,"name":"Miss\u00e3o"}]},{"@type":"WebSite","@id":"https:\/\/beluco.ind.br\/site\/#website","url":"https:\/\/beluco.ind.br\/site\/","name":"Beluco","description":"Estruturas Met\u00e1licas","potentialAction":[{"@type":"SearchAction","target":{"@type":"EntryPoint","urlTemplate":"https:\/\/beluco.ind.br\/site\/?s={search_term_string}"},"query-input":"required name=search_term_string"}],"inLanguage":"pt-BR"}]}},"_links":{"self":[{"href":"https:\/\/beluco.ind.br\/site\/wp-json\/wp\/v2\/pages\/1258"}],"collection":[{"href":"https:\/\/beluco.ind.br\/site\/wp-json\/wp\/v2\/pages"}],"about":[{"href":"https:\/\/beluco.ind.br\/site\/wp-json\/wp\/v2\/types\/page"}],"author":[{"embeddable":true,"href":"https:\/\/beluco.ind.br\/site\/wp-json\/wp\/v2\/users\/1"}],"replies":[{"embeddable":true,"href":"https:\/\/beluco.ind.br\/site\/wp-json\/wp\/v2\/comments?post=1258"}],"version-history":[{"count":0,"href":"https:\/\/beluco.ind.br\/site\/wp-json\/wp\/v2\/pages\/1258\/revisions"}],"wp:attachment":[{"href":"https:\/\/beluco.ind.br\/site\/wp-json\/wp\/v2\/media?parent=1258"}],"curies":[{"name":"wp","href":"https:\/\/api.w.org\/{rel}","templated":true}]}}